rue
Does 307 divide 66886669?
False
Is 18226780 a multiple of 656?
False
Does 14 divide 82041062?
False
Is 8764740 a multiple of 171?
False
Is 20 a factor of 1622283398?
False
Is 1873043205 a multiple of 165?
True
Is 43 a factor of 53352219?
False
Is 575 a factor of 164966925?
True
Is 90 a factor of 1425510?
True
Is 234240116 a multiple of 11?
True
Is 51 a factor of 612563142?
True
Is 770 a factor of 272552280?
True
Does 428 divide 56022704?
False
Does 644 divide 380356060?
True
Is 247684770 a multiple of 785?
True
Does 157 divide 478693?
True
Is 1126792985 a multiple of 1683?
False
Does 9055 divide 337135006?
False
Does 76 divide 37941489?
False
Is 10 a factor of 232226270?
True
Does 12 divide 463416492?
True
Is 842442400 a multiple of 153?
False
Is 652 a factor of 135897452?
False
Does 2198 divide 50754742?
False
Does 4 divide 1296808378?
False
Does 65 divide 1559025?
True
Is 20 a factor of 21059160?
True
Is 324554246 a multiple of 2?
True
Does 2 divide 1973658?
True
Is 51258941 a multiple of 45?
False
Is 98 a factor of 72824809?
False
Is 5 a factor of 9007990?
True
Is 41846720 a multiple of 3?
False
Is 149 a factor of 120846748?
True
Is 21 a factor of 235128621?
True
Is 23 a factor of 476004803?
True
Is 3803419763 a multiple of 143?
True
Is 19 a factor of 35209606?
False
Is 49 a factor of 35064645?
True
Is 334 a factor of 4871724?
True
Is 171 a factor of 14800844?
False
Does 86 divide 5287144?
False
Does 242 divide 2759475080?
False
Is 192654589 a multiple of 190?
False
Is 74 a factor of 1810706?
True
Does 9 divide 238951125?
True
Does 100 divide 2598200184?
False
Is 44 a factor of 21629749?
False
Is 93 a factor of 41160336?
False
Is 569296 a multiple of 104?
True
Is 84521297 a multiple of 479?
False
Is 241350270 a multiple of 115?
True
Is 31915990 a multiple of 166?
True
Is 59128167 a multiple of 21?
True
Is 27 a factor of 37139822?
False
Does 2818 divide 92238776?
True
Is 597067606 a multiple of 238?
False
Is 211 a factor of 176766125?
False
Is 40 a factor of 20559313?
False
Is 56090269 a multiple of 289?
False
Does 1503 divide 171400617?
True
Does 4 divide 12393311?
False
Is 6214 a factor of 524188184?
True
Does 605 divide 58662063?
False
Is 16962019 a multiple of 2?
False
Does 70 divide 4458332620?
True
Does 329 divide 1421233940?
True
Is 387144012 a multiple of 3187?
True
Is 67 a factor of 76707965?
True
Is 4221 a factor of 1251357110?
False
Does 48 divide 25962770?
False
Is 19537590 a multiple of 170?
True
Is 98281328 a multiple of 8?
True
Does 4731 divide 1053850041?
False
Is 234 a factor of 2314962?
True
Does 898 divide 32865272?
False
Is 47 a factor of 1856696485?
False
Is 1052 a factor of 60222792?
True
Does 12 divide 7975887?
False
Does 255 divide 461863318?
False
Is 7 a factor of 1812575?
False
Is 116 a factor of 150921432?
False
Does 50 divide 76017861?
False
Is 4 a factor of 80485628?
True
Does 155 divide 1784297690?
True
Is 67 a factor of 160668546?
True
Is 167830448 a multiple of 368?
True
Is 71 a factor of 2181999406?
True
Does 164 divide 62053008?
True
Is 75 a factor of 94124925?
True
Is 557 a factor of 93514223?
False
Is 50257260 a multiple of 1915?
True
Is 296207937 a multiple of 53?
True
Is 16 a factor of 15085256?
False
Does 45 divide 573690015?
True
Is 63602 a multiple of 7?
True
Is 13086414 a multiple of 27?
True
Does 13 divide 3870424?
False
Is 74021831 a multiple of 23?
False
Is 3453897680 a multiple of 16?
True
Is 9 a factor of 173792799?
True
Is 1604531014 a multiple of 476?
False
Is 73184097 a multiple of 21?
True
Does 974 divide 135249815?
False
Is 444458466 a multiple of 2169?
True
Does 381 divide 2611522971?
True
Does 1293 divide 22924890?
True
Is 78695760 a multiple of 208?
True
Is 2542986858 a multiple of 173?
True
Does 292 divide 165717069?
False
Does 7 divide 40816244?
True
Is 1368 a factor of 315888984?
True
Does 104 divide 3803531056?
True
Is 29 a factor of 104883290?
False
Is 1924 a factor of 775901829?
False
Is 31 a factor of 39556031?
True
Does 151 divide 473714784?
True
Is 309260754 a multiple of 11?
True
Is 186 a factor of 9998244?
True
Does 33 divide 210969?
True
Does 1247 divide 3510580411?
False
Does 989 divide 34737636?
True
Is 2591601104 a multiple of 596?
True
Does 25 divide 43872677?
False
Does 5 divide 12217669?
False
Is 2710 a factor of 150417033?
False
Is 1225 a factor of 36527050?
True
Is 19149567 a multiple of 3?
True
Is 33 a factor of 46255638?
True
Is 4603812840 a multiple of 330?
True
Is 274 a factor of 325840252?
True
Does 69 divide 934623542?
False
Is 90 a factor of 3414870?
True
Is 2266247221 a multiple of 1803?
False
Is 42925808 a multiple of 16?
True
Is 321 a factor of 184135872?
True
Is 99378606 a multiple of 2698?
False
Is 85 a factor of 77078101?
False
Does 37 divide 454705222?
False
Is 3464 a factor of 6485744192?
True
Is 30 a factor of 57201702?
False
Does 28 divide 62288688?
True
Is 5935692 a multiple of 6?
True
Is 38604909 a multiple of 357?
True
Does 13 divide 393840044?
True
Does 1671 divide 734812224?
True
Is 1055 a factor of 56986631?
False
Does 3 divide 300309095?
False
Does 23 divide 11486361?
True
Is 9 a factor of 959976?
True
Is 6560310 a multiple of 10?
True
Is 923743135 a multiple of 12?
False
Is 17954978 a multiple of 34?
False
Is 29 a factor of 3458846096?
False
Does 16 divide 22386080?
True
Does 24 divide 22546312?
False
Is 29935775 a multiple of 109?
False
Is 151 a factor of 10726436?
True
Is 19 a factor of 1944248739?
True
Is 50418276 a multiple of 283?
False
Is 162 a factor of 3400052112?
True
Is 2488 a factor of 270473184?
False
Does 82 divide 15963702?
False
Is 1305013613 a multiple of 3323?
False
Is 20 a factor of 86442399?
False
Is 12715217 a multiple of 28?
False
Is 3517 a factor of 39685828?
True
Does 36 divide 35244618?
False
Is 29 a factor of 1621651?
True
Is 153 a factor of 11717046?
True
Is 85294440 a multiple of 120?
True
Is 17 a factor of 463557360?
True
Is 1841252608 a multiple of 962?
True
Does 110 divide 3231081?
False
Is 375804977 a multiple of 4635?
False
Is 92 a factor of 61076026?
False
Is 228 a factor of 32644812?
True
Does 56 divide 122398080?
True
Is 18780512 a multiple of 1748?
True
Does 51 divide 120959760?
True
Does 3 divide 18184769?
False
Is 138359060 a multiple of 14?
True
Is 41 a factor of 3269022?
False
Does 44 divide 1230624912?
True
Is 75 a factor of 299805150?
True
Is 57405856 a multiple of 8?
True
Does 282 divide 1190769680?
False
Is 205783944 a multiple of 4?
True
Is 45670350 even?
True
Is 3604574 a multiple of 4?
False
Is 539944199 a multiple of 14?
False
Is 8 a factor of 22743091?
False
Does 166 divide 701296525?
False
Does 53 divide 32611369?
False
Is 73 a factor of 44755278?
True
Is 910290633 a multiple of 7?
True
Is 55 a factor of 623995781?
False
Is 224 a factor of 82302905?
False
Does 10 divide 1253261?
False
Does 9 divide 130611033?
True
Is 275 a factor of 108463251?
False
Is 2428 a factor of 886550158?
False
Is 19 a factor of 149566984?
False
Is 18467861 a multiple of 158?
False
Is 42 a factor of 830849796?
True
Does 106 divide 101007885?
False
Is 4695159 a multiple of 3?
True
Does 14 divide 304171431?
False
Is 676091733 a multiple of 789?
True
Does 4236 divide 50683740?
True
Does 855 divide 168119169?
False
Is 28178107 a multiple of 35?
False
Does 1150 divide 81589050?
True
Does 1639 divide 71204126?
False
Is 54477984 a multiple of 368?
True
Does 3755 divide 3706185?
True
Is 720052332 a multiple of 201?
False
Does 4 divide 57085543?
False
Does 11440 divide 2866580794?
False
Does 3022 divide 19908936?
True
Is 4486855378 a multiple of 223?
False
Is 21949873 a multiple of 1177?
True
Is 29783510 a multiple of 670?
True
Is 109523664 a multiple of 72?
True
Is 508 a factor of 6128004?
True
Is 157391280 a multiple of 20?
True
Is 304500815 a multiple of 39?
False
Does 53 divide 30542840?
True
Is 227 a factor of 2265233?
True
Is 1663 a factor of 1734541845?
False
Does 579 divide 90048346?
False
Does 602 divide 5066432?
True
Is 140530020 a multiple of 351?
False
Does 25 divide 22284988?
False
Does 1957 divide 440696830?
True
Is 605098350 a multiple of 810?
True
Does 138 divide 354359904?
False
Is 77 a factor of 293664294?
True
Is 171 a factor of 10961100?
True
Is 885103810 a multiple of 668?
False
Does 84 divide 21336